{"id":7968,"date":"2024-04-05T12:39:46","date_gmt":"2024-04-05T10:39:46","guid":{"rendered":"https:\/\/www.eglcc.eu\/en\/?post_type=tribe_events&#038;p=7968"},"modified":"2024-04-05T12:39:46","modified_gmt":"2024-04-05T10:39:46","slug":"sglcc-sweden-when-differences-become-opportunities-business-afterwork-on-the-theme-of-diversity-inclusion","status":"publish","type":"tribe_events","link":"https:\/\/www.eglcc.eu\/fr\/event\/sglcc-sweden-when-differences-become-opportunities-business-afterwork-on-the-theme-of-diversity-inclusion\/","title":{"rendered":"SGLCC Sweden: \u00ab\u00a0When Differences Become Opportunities\u00a0\u00bb, Business Afterwork on the theme of Diversity &#038; Inclusion"},"content":{"rendered":"<p>On April 25, we welcome, together with\u00a0<a href=\"https:\/\/www.linkedin.com\/company\/randstad-sweden\/\" target=\"_blank\" rel=\"noopener\">Randstad Sweden<\/a>\u00a0and\u00a0<a href=\"https:\/\/www.linkedin.com\/company\/tent-partnership\/\" target=\"_blank\" rel=\"noopener\">Tent Partnership for Refugees<\/a>, to a business\u00a0<a href=\"https:\/\/www.linkedin.com\/feed\/hashtag\/?keywords=afterwork\" target=\"_blank\" rel=\"noopener\">#afterwork<\/a>\u00a0at Solna United, R\u00e4ttarv\u00e4gen 3 (Randstad&rsquo;s office) from 16.30. \ud83c\udff3\ufe0f\u200d\ud83c\udf08\ud83c\udff3\ufe0f\u200d\u26a7\ufe0f<\/p>\n<p>Don&rsquo;t miss\u00a0<a href=\"https:\/\/www.linkedin.com\/in\/ACoAAAC_j1cBTv7l8EmMaC4zja7sLDSSGqRLENM\" target=\"_blank\" rel=\"noopener\">Helena Westin<\/a>\u00a0who both share their experiences from a long career as a\u00a0<a href=\"https:\/\/www.linkedin.com\/feed\/hashtag\/?keywords=hbtqi\" target=\"_blank\" rel=\"noopener\">#HBTQI<\/a>\u00a0activist and board professional, and their thoughts on LGBTQI issues then and today.<\/p>\n<p>Helena will take her place in the evening&rsquo;s panel with, among others,\u00a0<a href=\"https:\/\/www.linkedin.com\/company\/dutchembassysweden\/\" target=\"_blank\" rel=\"noopener\">Embassy of the Kingdom of the Netherlands in Sweden<\/a>\u00a0&lsquo;s Deputy Ambassador\u00a0<a href=\"https:\/\/www.linkedin.com\/in\/ACoAAACe3EMBrysQ_njYeF7u68D0NMvcollCHAY\" target=\"_blank\" rel=\"noopener\">Kim de Jong<\/a>, Randstad&rsquo;s Sweden-Denmark CEO\u00a0<a href=\"https:\/\/www.linkedin.com\/in\/ACoAAAC11kcBmZBefGCC5oLK_OmGctQzYfWNbl0\" target=\"_blank\" rel=\"noopener\">Nima Astanehdost<\/a>,\u00a0<a href=\"https:\/\/www.linkedin.com\/company\/pwc-sweden\/\" target=\"_blank\" rel=\"noopener\">PwC Sverige<\/a>\u00a0&lsquo;s Chief of Staff\u00a0<a href=\"https:\/\/www.linkedin.com\/in\/ACoAAAC6rssBHPj6YJeWwRwzPX3E2iTZ-HMLJLg\" target=\"_blank\" rel=\"noopener\">Christina Lindskog<\/a>\u00a0and Tents Sweden Manager\u00a0<a href=\"https:\/\/www.linkedin.com\/in\/ACoAAANNOpEBhxeSyCO1SQGPybHyd2sp-3wD-cc\" target=\"_blank\" rel=\"noopener\">Karin Heri<\/a>.<\/p>\n<p>Of course, we offer inspiration, insights, drinks and snacks. You can sign up for it via a link in the comment field. Feel free to share the invitation with your colleagues!<\/p>\n<p>A warm welcome \u2764\ufe0f\ud83e\udde1\ud83d\udc9b\ud83d\udc9a\ud83d\udc99\ud83d\udc9c<\/p>\n<p>&nbsp;<\/p>\n<p>Registrations:<\/p>\n<p><a href=\"https:\/\/info.randstad.se\/anmalan-afterwork-nar-olikheter-blir-mojligheter\" target=\"_blank\" rel=\"noopener\">N\u00e4r olikheter blir m\u00f6jligheter &#8211; V\u00e4lkommen p\u00e5 Business AW (randstad.se)<\/a><\/p>\n","protected":false},"excerpt":{"rendered":"<p>On April 25, we welcome, together with\u00a0Randstad Sweden\u00a0and\u00a0Tent Partnership for Refugees, to a business\u00a0#afterwork\u00a0at Solna United, R\u00e4ttarv\u00e4gen 3 (Randstad&rsquo;s office) from 16.30. \ud83c\udff3\ufe0f\u200d\ud83c\udf08\ud83c\udff3\ufe0f\u200d\u26a7\ufe0f Don&rsquo;t miss\u00a0Helena Westin\u00a0who both share their experiences [&hellip;]<\/p>\n","protected":false},"author":482,"featured_media":0,"template":"","meta":{"_acf_changed":false,"_tribe_events_status":"","_tribe_events_status_reason":"","footnotes":""},"tags":[],"tribe_events_cat":[],"class_list":["post-7968","tribe_events","type-tribe_events","status-publish","hentry"],"acf":[],"_links":{"self":[{"href":"https:\/\/www.eglcc.eu\/fr\/wp-json\/wp\/v2\/tribe_events\/7968","targetHints":{"allow":["GET"]}}],"collection":[{"href":"https:\/\/www.eglcc.eu\/fr\/wp-json\/wp\/v2\/tribe_events"}],"about":[{"href":"https:\/\/www.eglcc.eu\/fr\/wp-json\/wp\/v2\/types\/tribe_events"}],"author":[{"embeddable":true,"href":"https:\/\/www.eglcc.eu\/fr\/wp-json\/wp\/v2\/users\/482"}],"version-history":[{"count":2,"href":"https:\/\/www.eglcc.eu\/fr\/wp-json\/wp\/v2\/tribe_events\/7968\/revisions"}],"predecessor-version":[{"id":7970,"href":"https:\/\/www.eglcc.eu\/fr\/wp-json\/wp\/v2\/tribe_events\/7968\/revisions\/7970"}],"wp:attachment":[{"href":"https:\/\/www.eglcc.eu\/fr\/wp-json\/wp\/v2\/media?parent=7968"}],"wp:term":[{"taxonomy":"post_tag","embeddable":true,"href":"https:\/\/www.eglcc.eu\/fr\/wp-json\/wp\/v2\/tags?post=7968"},{"taxonomy":"tribe_events_cat","embeddable":true,"href":"https:\/\/www.eglcc.eu\/fr\/wp-json\/wp\/v2\/tribe_events_cat?post=7968"}],"curies":[{"name":"wp","href":"https:\/\/api.w.org\/{rel}","templated":true}]}}

<p>On April 25, we welcome, together with <a href="https://www.linkedin.com/company/randstad-sweden/" target="_blank" rel="noopener">Randstad Sweden</a> and <a href="https://www.linkedin.com/company/tent-partnership/" target="_blank" rel="noopener">Tent Partnership for Refugees</a>, to a business <a href="https://www.linkedin.com/feed/hashtag/?keywords=afterwork" target="_blank" rel="noopener">#afterwork</a> at Solna United, Rättarvägen 3 (Randstad&rsquo;s office) from 16.30. 🏳️‍🌈🏳️‍⚧️</p>
<p>Don&rsquo;t miss <a href="https://www.linkedin.com/in/ACoAAAC_j1cBTv7l8EmMaC4zja7sLDSSGqRLENM" target="_blank" rel="noopener">Helena Westin</a> who both share their experiences from a long career as a <a href="https://www.linkedin.com/feed/hashtag/?keywords=hbtqi" target="_blank" rel="noopener">#HBTQI</a> activist and board professional, and their thoughts on LGBTQI issues then and today.</p>
<p>Helena will take her place in the evening&rsquo;s panel with, among others, <a href="https://www.linkedin.com/company/dutchembassysweden/" target="_blank" rel="noopener">Embassy of the Kingdom of the Netherlands in Sweden</a> &lsquo;s Deputy Ambassador <a href="https://www.linkedin.com/in/ACoAAACe3EMBrysQ_njYeF7u68D0NMvcollCHAY" target="_blank" rel="noopener">Kim de Jong</a>, Randstad&rsquo;s Sweden-Denmark CEO <a href="https://www.linkedin.com/in/ACoAAAC11kcBmZBefGCC5oLK_OmGctQzYfWNbl0" target="_blank" rel="noopener">Nima Astanehdost</a>, <a href="https://www.linkedin.com/company/pwc-sweden/" target="_blank" rel="noopener">PwC Sverige</a> &lsquo;s Chief of Staff <a href="https://www.linkedin.com/in/ACoAAAC6rssBHPj6YJeWwRwzPX3E2iTZ-HMLJLg" target="_blank" rel="noopener">Christina Lindskog</a> and Tents Sweden Manager <a href="https://www.linkedin.com/in/ACoAAANNOpEBhxeSyCO1SQGPybHyd2sp-3wD-cc" target="_blank" rel="noopener">Karin Heri</a>.</p>
<p>Of course, we offer inspiration, insights, drinks and snacks. You can sign up for it via a link in the comment field. Feel free to share the invitation with your colleagues!</p>
<p>A warm welcome ❤️🧡💛💚💙💜</p>
<p>&nbsp;</p>
<p>Registrations:</p>
<p><a href="https://info.randstad.se/anmalan-afterwork-nar-olikheter-blir-mojligheter" target="_blank" rel="noopener">När olikheter blir möjligheter &#8211; Välkommen på Business AW (randstad.se)</a></p>

<p>On April 25, we welcome, together with Randstad Sweden and Tent Partnership for Refugees, to a business #afterwork at Solna United, Rättarvägen 3 (Randstad&rsquo;s office) from 16.30. 🏳️‍🌈🏳️‍⚧️ Don&rsquo;t miss Helena Westin who both share their experiences [&hellip;]</p>
