{"id":1271,"date":"2020-08-14T16:06:20","date_gmt":"2020-08-14T14:06:20","guid":{"rendered":"http:\/\/staging.eglcc.eu\/?post_type=tribe_events&#038;p=1271"},"modified":"2020-10-15T15:15:04","modified_gmt":"2020-10-15T13:15:04","slug":"gglbc_qsn_20201012","status":"publish","type":"tribe_events","link":"https:\/\/www.eglcc.eu\/fr\/event\/gglbc_qsn_20201012\/","title":{"rendered":"GGLBC: COVID19 ein Langezeit-Thema f\u00fcr die queere Community?"},"content":{"rendered":"<p>Welche Auswirkungen hat COVID-19 auf queer gef\u00fchrte Unternehmen, Einzelselbst\u00e4ndige, Vereine, Organisationen, wie auch Firmen-Netzwerke und die LGBT+ Community selbst? Diese Frage stellte sich das virtuelle Event des QSN im Oktober.\u00a0<a href=\"https:\/\/www.linkedin.com\/in\/ACoAAAMTsUABkVrQGHaCHoaXTJSk3jSE_SdBGFs\" data-attribute-index=\"0\" data-entity-hovercard-id=\"urn:li:fs_miniProfile:ACoAAAMTsUABkVrQGHaCHoaXTJSk3jSE_SdBGFs\" data-entity-type=\"MINI_PROFILE\" target=\"_blank\" rel=\"noopener\">Pavel Subrt<\/a>\u00a0und\u00a0<a href=\"https:\/\/www.linkedin.com\/in\/ACoAABTGvtMBjbXEyfn6tw68yP7qzCUv1m-3wUU\" data-attribute-index=\"2\" data-entity-hovercard-id=\"urn:li:fs_miniProfile:ACoAABTGvtMBjbXEyfn6tw68yP7qzCUv1m-3wUU\" data-entity-type=\"MINI_PROFILE\" target=\"_blank\" rel=\"noopener\">Fabienne Stordiau<\/a>\u00a0stellten zun\u00e4chst das\u00a0<a href=\"https:\/\/www.linkedin.com\/company\/gglbc\/\" data-attribute-index=\"4\" data-entity-hovercard-id=\"urn:li:fs_miniCompany:64661944\" data-entity-type=\"MINI_COMPANY\" target=\"_blank\" rel=\"noopener\">GGLBC<\/a>, eine LGBT+ Handelskammer vor, das Bindeglied zwischen Unternehmen und queer gef\u00fchrten Unternehmen und Suppliern sein und damit die queere Wirtschaft st\u00e4rken will. Dem folgte ein bunt gemischtes Panel mit diversen Vertreter_innen der Berliner Community. Moderiert von\u00a0<a href=\"https:\/\/www.linkedin.com\/in\/ACoAAASSmFsBNIPZrfxxxMDoI71nNtyLzve93Uo\" data-attribute-index=\"6\" data-entity-hovercard-id=\"urn:li:fs_miniProfile:ACoAAASSmFsBNIPZrfxxxMDoI71nNtyLzve93Uo\" data-entity-type=\"MINI_PROFILE\" target=\"_blank\" rel=\"noopener\">Clemens Krebs<\/a>, entwickelte sich ein reger Austausch aus unterschiedlichsten Perspektiven:\u00a0<a href=\"https:\/\/www.linkedin.com\/in\/ACoAAASMKNwBPi6JZCr38D49JBCZ_GDUSTnoWCE\" data-attribute-index=\"8\" data-entity-hovercard-id=\"urn:li:fs_miniProfile:ACoAAASMKNwBPi6JZCr38D49JBCZ_GDUSTnoWCE\" data-entity-type=\"MINI_PROFILE\" target=\"_blank\" rel=\"noopener\">Angela Schmerfeld<\/a>, Olaf M\u00f6ller (Regenbogenfonds e.V.), Viktor Nawrat (<a href=\"https:\/\/www.linkedin.com\/company\/allround-team-gmbh\/\" data-attribute-index=\"10\" data-entity-hovercard-id=\"urn:li:fs_miniCompany:5691137\" data-entity-type=\"MINI_COMPANY\" target=\"_blank\" rel=\"noopener\">Allround Team GmbH<\/a>),\u00a0<a href=\"https:\/\/www.linkedin.com\/in\/ACoAACrdzzEBbY09Ab7ZAJQhlWUgbYbjS1ed9oE\" data-attribute-index=\"12\" data-entity-hovercard-id=\"urn:li:fs_miniProfile:ACoAACrdzzEBbY09Ab7ZAJQhlWUgbYbjS1ed9oE\" data-entity-type=\"MINI_PROFILE\" target=\"_blank\" rel=\"noopener\">Lydia K.<\/a>\u00a0(<a href=\"https:\/\/www.linkedin.com\/company\/siemenspride\/\" data-attribute-index=\"14\" data-entity-hovercard-id=\"urn:li:fs_miniCompany:18713890\" data-entity-type=\"MINI_COMPANY\" target=\"_blank\" rel=\"noopener\">Siemens PRIDE<\/a>) und\u00a0<a href=\"https:\/\/www.linkedin.com\/in\/ACoAAAgnOqYBlguJcxA3rr8J3Uln2o-PB4NHAOE\" data-attribute-index=\"16\" data-entity-hovercard-id=\"urn:li:fs_miniProfile:ACoAAAgnOqYBlguJcxA3rr8J3Uln2o-PB4NHAOE\" data-entity-type=\"MINI_PROFILE\" target=\"_blank\" rel=\"noopener\">Rafael Nasemann<\/a>\u00a0(Volkswagen AG) -nachdr\u00fccklich wurde eine staatliche Unterst\u00fctzung f\u00fcr die Club-\/Bar-\/Event\/ K\u00fcnstler_innen-Szene gefordert, soll das bunte und diverse Kultur- und Nachtleben in Berlin erhalten bleiben, Spenden seien unterst\u00fctzend, l\u00f6sten aber die Probleme nicht. Event-und Medienagenturen hingegen, die z.B. CSDs, Stadtfeste begleiten, verl\u00f6ren durch die Absagen ihre gr\u00f6\u00dften Auftr\u00e4ge und Auftraggeber. Interessante Einblicke, die nachdenklich machten!<\/p>\n","protected":false},"excerpt":{"rendered":"<p>Welche Auswirkungen hat COVID-19 auf queer gef\u00fchrte Unternehmen, Einzelselbst\u00e4ndige, Vereine, Organisationen, wie auch Firmen-Netzwerke und die LGBT+ Community selbst? Diese Frage stellte sich das virtuelle Event des QSN im Oktober.\u00a0Pavel [&hellip;]<\/p>\n","protected":false},"author":1,"featured_media":0,"template":"","meta":{"_acf_changed":false,"_tribe_events_status":"","_tribe_events_status_reason":"","footnotes":""},"tags":[],"tribe_events_cat":[],"class_list":["post-1271","tribe_events","type-tribe_events","status-publish","hentry"],"acf":[],"_links":{"self":[{"href":"https:\/\/www.eglcc.eu\/fr\/wp-json\/wp\/v2\/tribe_events\/1271","targetHints":{"allow":["GET"]}}],"collection":[{"href":"https:\/\/www.eglcc.eu\/fr\/wp-json\/wp\/v2\/tribe_events"}],"about":[{"href":"https:\/\/www.eglcc.eu\/fr\/wp-json\/wp\/v2\/types\/tribe_events"}],"author":[{"embeddable":true,"href":"https:\/\/www.eglcc.eu\/fr\/wp-json\/wp\/v2\/users\/1"}],"version-history":[{"count":4,"href":"https:\/\/www.eglcc.eu\/fr\/wp-json\/wp\/v2\/tribe_events\/1271\/revisions"}],"predecessor-version":[{"id":2308,"href":"https:\/\/www.eglcc.eu\/fr\/wp-json\/wp\/v2\/tribe_events\/1271\/revisions\/2308"}],"wp:attachment":[{"href":"https:\/\/www.eglcc.eu\/fr\/wp-json\/wp\/v2\/media?parent=1271"}],"wp:term":[{"taxonomy":"post_tag","embeddable":true,"href":"https:\/\/www.eglcc.eu\/fr\/wp-json\/wp\/v2\/tags?post=1271"},{"taxonomy":"tribe_events_cat","embeddable":true,"href":"https:\/\/www.eglcc.eu\/fr\/wp-json\/wp\/v2\/tribe_events_cat?post=1271"}],"curies":[{"name":"wp","href":"https:\/\/api.w.org\/{rel}","templated":true}]}}

GGLBC: COVID19 ein Langezeit-Thema für die queere Community?

<p>Welche Auswirkungen hat COVID-19 auf queer geführte Unternehmen, Einzelselbständige, Vereine, Organisationen, wie auch Firmen-Netzwerke und die LGBT+ Community selbst? Diese Frage stellte sich das virtuelle Event des QSN im Oktober. <a href="https://www.linkedin.com/in/ACoAAAMTsUABkVrQGHaCHoaXTJSk3jSE_SdBGFs" data-attribute-index="0" data-entity-hovercard-id="urn:li:fs_miniProfile:ACoAAAMTsUABkVrQGHaCHoaXTJSk3jSE_SdBGFs" data-entity-type="MINI_PROFILE" target="_blank" rel="noopener">Pavel Subrt</a> und <a href="https://www.linkedin.com/in/ACoAABTGvtMBjbXEyfn6tw68yP7qzCUv1m-3wUU" data-attribute-index="2" data-entity-hovercard-id="urn:li:fs_miniProfile:ACoAABTGvtMBjbXEyfn6tw68yP7qzCUv1m-3wUU" data-entity-type="MINI_PROFILE" target="_blank" rel="noopener">Fabienne Stordiau</a> stellten zunächst das <a href="https://www.linkedin.com/company/gglbc/" data-attribute-index="4" data-entity-hovercard-id="urn:li:fs_miniCompany:64661944" data-entity-type="MINI_COMPANY" target="_blank" rel="noopener">GGLBC</a>, eine LGBT+ Handelskammer vor, das Bindeglied zwischen Unternehmen und queer geführten Unternehmen und Suppliern sein und damit die queere Wirtschaft stärken will. Dem folgte ein bunt gemischtes Panel mit diversen Vertreter_innen der Berliner Community. Moderiert von <a href="https://www.linkedin.com/in/ACoAAASSmFsBNIPZrfxxxMDoI71nNtyLzve93Uo" data-attribute-index="6" data-entity-hovercard-id="urn:li:fs_miniProfile:ACoAAASSmFsBNIPZrfxxxMDoI71nNtyLzve93Uo" data-entity-type="MINI_PROFILE" target="_blank" rel="noopener">Clemens Krebs</a>, entwickelte sich ein reger Austausch aus unterschiedlichsten Perspektiven: <a href="https://www.linkedin.com/in/ACoAAASMKNwBPi6JZCr38D49JBCZ_GDUSTnoWCE" data-attribute-index="8" data-entity-hovercard-id="urn:li:fs_miniProfile:ACoAAASMKNwBPi6JZCr38D49JBCZ_GDUSTnoWCE" data-entity-type="MINI_PROFILE" target="_blank" rel="noopener">Angela Schmerfeld</a>, Olaf Möller (Regenbogenfonds e.V.), Viktor Nawrat (<a href="https://www.linkedin.com/company/allround-team-gmbh/" data-attribute-index="10" data-entity-hovercard-id="urn:li:fs_miniCompany:5691137" data-entity-type="MINI_COMPANY" target="_blank" rel="noopener">Allround Team GmbH</a>), <a href="https://www.linkedin.com/in/ACoAACrdzzEBbY09Ab7ZAJQhlWUgbYbjS1ed9oE" data-attribute-index="12" data-entity-hovercard-id="urn:li:fs_miniProfile:ACoAACrdzzEBbY09Ab7ZAJQhlWUgbYbjS1ed9oE" data-entity-type="MINI_PROFILE" target="_blank" rel="noopener">Lydia K.</a> (<a href="https://www.linkedin.com/company/siemenspride/" data-attribute-index="14" data-entity-hovercard-id="urn:li:fs_miniCompany:18713890" data-entity-type="MINI_COMPANY" target="_blank" rel="noopener">Siemens PRIDE</a>) und <a href="https://www.linkedin.com/in/ACoAAAgnOqYBlguJcxA3rr8J3Uln2o-PB4NHAOE" data-attribute-index="16" data-entity-hovercard-id="urn:li:fs_miniProfile:ACoAAAgnOqYBlguJcxA3rr8J3Uln2o-PB4NHAOE" data-entity-type="MINI_PROFILE" target="_blank" rel="noopener">Rafael Nasemann</a> (Volkswagen AG) -nachdrücklich wurde eine staatliche Unterstützung für die Club-/Bar-/Event/ Künstler_innen-Szene gefordert, soll das bunte und diverse Kultur- und Nachtleben in Berlin erhalten bleiben, Spenden seien unterstützend, lösten aber die Probleme nicht. Event-und Medienagenturen hingegen, die z.B. CSDs, Stadtfeste begleiten, verlören durch die Absagen ihre größten Aufträge und Auftraggeber. Interessante Einblicke, die nachdenklich machten!</p>

<p>Welche Auswirkungen hat COVID-19 auf queer geführte Unternehmen, Einzelselbständige, Vereine, Organisationen, wie auch Firmen-Netzwerke und die LGBT+ Community selbst? Diese Frage stellte sich das virtuelle Event des QSN im Oktober. Pavel [&hellip;]</p>
