{"id":2347,"date":"2020-10-21T07:42:17","date_gmt":"2020-10-21T05:42:17","guid":{"rendered":"https:\/\/www.eglcc.eu\/?post_type=tribe_events&#038;p=2347"},"modified":"2020-11-05T08:55:25","modified_gmt":"2020-11-05T07:55:25","slug":"save-the-date-11-11-2020-diversecity-online","status":"publish","type":"tribe_events","link":"https:\/\/www.eglcc.eu\/en\/event\/save-the-date-11-11-2020-diversecity-online\/","title":{"rendered":"11.11.2020 DiverseCity Online"},"content":{"rendered":"<p><img decoding=\"async\" class=\"alignnone size-medium wp-image-2452\" src=\"https:\/\/www.eglcc.eu\/wp-content\/uploads\/2020\/10\/csm_Einladung_1_efc3e2fbc9-300x160.jpg\" alt=\"\" width=\"300\" height=\"160\" srcset=\"https:\/\/eglcc.eu\/wp-content\/uploads\/2020\/10\/csm_Einladung_1_efc3e2fbc9-300x160.jpg 300w, https:\/\/eglcc.eu\/wp-content\/uploads\/2020\/10\/csm_Einladung_1_efc3e2fbc9.jpg 573w\" sizes=\"(max-width: 300px) 100vw, 300px\" \/><\/p>\n<p>Erstmalig: DiverseCity als virtuelle Veranstaltung<\/p>\n<p>Am 11. November 2020 findet zum ersten Mal die erfolgreiche Diversity Management Veranstaltung DiverseCity im hybriden Format statt. Von 14:00 bis 16:30 kann jede_r online kostenfrei teilnehmen.<\/p>\n<p>Thema:<br \/>\nVoneinander lernen &#8211; Lebens- und Arbeitswelten von LGBT+ im internationalen Kontext<\/p>\n<p>Die Keynote h\u00e4lt\u00a0<a href=\"https:\/\/www.linkedin.com\/in\/ACoAAAMTsUABkVrQGHaCHoaXTJSk3jSE_SdBGFs\" data-attribute-index=\"0\" data-entity-hovercard-id=\"urn:li:fs_miniProfile:ACoAAAMTsUABkVrQGHaCHoaXTJSk3jSE_SdBGFs\" data-entity-type=\"MINI_PROFILE\" target=\"_blank\" rel=\"noopener\">Pavel Subrt<\/a>\u00a0(<a href=\"https:\/\/www.linkedin.com\/company\/eglcc\/\" target=\"_blank\" rel=\"noopener noreferrer\" data-attribute-index=\"2\" data-entity-hovercard-id=\"urn:li:fs_miniCompany:40660841\" data-entity-type=\"MINI_COMPANY\">EGLCC &#8211; The European LGBTIQ Chamber of Commerce<\/a>). Panelg\u00e4ste sind Jana Hansj\u00fcrgen (Diversitybeauftragte der\u00a0<a href=\"https:\/\/www.linkedin.com\/company\/landeshauptstadt-d%C3%BCsseldorf\/\" target=\"_blank\" rel=\"noopener noreferrer\" data-attribute-index=\"4\" data-entity-hovercard-id=\"urn:li:fs_miniCompany:5413727\" data-entity-type=\"MINI_COMPANY\">Landeshauptstadt D\u00fcsseldorf<\/a>), Ma\u0142gorzata Mr\u00f3z (Aktivistin),\u00a0<a href=\"https:\/\/www.linkedin.com\/in\/ACoAAAAYq3IB12uNAZyldjXrDi6bhabigL4ctxA\" target=\"_blank\" rel=\"noopener noreferrer\" data-attribute-index=\"6\" data-entity-hovercard-id=\"urn:li:fs_miniProfile:ACoAAAAYq3IB12uNAZyldjXrDi6bhabigL4ctxA\" data-entity-type=\"MINI_PROFILE\">Miguel A. Castro<\/a>\u00a0(<a href=\"https:\/\/www.linkedin.com\/company\/sap\/\" target=\"_blank\" rel=\"noopener noreferrer\" data-attribute-index=\"8\" data-entity-hovercard-id=\"urn:li:fs_miniCompany:1115\" data-entity-type=\"MINI_COMPANY\">SAP<\/a>),\u00a0<a href=\"https:\/\/www.linkedin.com\/in\/ACoAAA5efZABEjR4fGq8DU6NYFMkduLMsu0e0CM\" target=\"_blank\" rel=\"noopener noreferrer\" data-attribute-index=\"10\" data-entity-hovercard-id=\"urn:li:fs_miniProfile:ACoAAA5efZABEjR4fGq8DU6NYFMkduLMsu0e0CM\" data-entity-type=\"MINI_PROFILE\">Kende Karsk\u00f3<\/a>\u00a0(<a href=\"https:\/\/www.linkedin.com\/company\/bosch-magyarorszag\/\" target=\"_blank\" rel=\"noopener noreferrer\" data-attribute-index=\"12\" data-entity-hovercard-id=\"urn:li:fs_miniCompany:3354127\" data-entity-type=\"MINI_COMPANY\">Bosch Magyarorsz\u00e1g<\/a>) und Dr. Juliane Kronen (Right Livelihood Foundation).<\/p>\n<p>Durch das Programm f\u00fchrt der Vorstandsvorsitzende des V\u00f6lklinger Kreis,\u00a0<a href=\"https:\/\/www.linkedin.com\/in\/ACoAABdhBpQBM2HafDpTq_fAM6R_AYo4LZFsT5o\" target=\"_blank\" rel=\"noopener noreferrer\" data-attribute-index=\"14\" data-entity-hovercard-id=\"urn:li:fs_miniProfile:ACoAABdhBpQBM2HafDpTq_fAM6R_AYo4LZFsT5o\" data-entity-type=\"MINI_PROFILE\">Matthias Weber<\/a>.<\/p>\n<p>Die Veranstaltung wird durchgef\u00fchrt vom V\u00f6lklinger Kreis in Kooperation mit dem Gleichstellungsb\u00fcro D\u00fcsseldorf mit freundlicher Unterst\u00fctzung durch Queeres Netzwerk NRW.<\/p>\n<p>Sie wird gef\u00f6rdert vom Ministerium f\u00fcr Kinder, Familie, Fl\u00fcchtlinge und Integration des Landes Nordrhein-Westfalen.<\/p>\n<p>Mehr Infos nach dem Link:<\/p>\n<p><a href=\"https:\/\/www.vk-online.de\/module\/neuigkeiten-allgemein\/artikel\/detail\/erstmalig-diversity-management-kongress-diversecity-als-virtuelle-veranstaltung-224.html\" target=\"_blank\" rel=\"noopener noreferrer\">https:\/\/www.vk-online.de\/module\/neuigkeiten-allgemein\/artikel\/detail\/erstmalig-diversity-management-kongress-diversecity-als-virtuelle-veranstaltung-224.html<\/a><\/p>\n","protected":false},"excerpt":{"rendered":"<p>Erstmalig: DiverseCity als virtuelle Veranstaltung Am 11. November 2020 findet zum ersten Mal die erfolgreiche Diversity Management Veranstaltung DiverseCity im hybriden Format statt. Von 14:00 bis 16:30 kann jede_r online [&hellip;]<\/p>\n","protected":false},"author":57,"featured_media":0,"template":"","meta":{"_acf_changed":false,"_tribe_events_status":"","_tribe_events_status_reason":"","footnotes":""},"tags":[],"tribe_events_cat":[],"class_list":["post-2347","tribe_events","type-tribe_events","status-publish","hentry"],"acf":[],"_links":{"self":[{"href":"https:\/\/www.eglcc.eu\/en\/wp-json\/wp\/v2\/tribe_events\/2347","targetHints":{"allow":["GET"]}}],"collection":[{"href":"https:\/\/www.eglcc.eu\/en\/wp-json\/wp\/v2\/tribe_events"}],"about":[{"href":"https:\/\/www.eglcc.eu\/en\/wp-json\/wp\/v2\/types\/tribe_events"}],"author":[{"embeddable":true,"href":"https:\/\/www.eglcc.eu\/en\/wp-json\/wp\/v2\/users\/57"}],"version-history":[{"count":4,"href":"https:\/\/www.eglcc.eu\/en\/wp-json\/wp\/v2\/tribe_events\/2347\/revisions"}],"predecessor-version":[{"id":2450,"href":"https:\/\/www.eglcc.eu\/en\/wp-json\/wp\/v2\/tribe_events\/2347\/revisions\/2450"}],"wp:attachment":[{"href":"https:\/\/www.eglcc.eu\/en\/wp-json\/wp\/v2\/media?parent=2347"}],"wp:term":[{"taxonomy":"post_tag","embeddable":true,"href":"https:\/\/www.eglcc.eu\/en\/wp-json\/wp\/v2\/tags?post=2347"},{"taxonomy":"tribe_events_cat","embeddable":true,"href":"https:\/\/www.eglcc.eu\/en\/wp-json\/wp\/v2\/tribe_events_cat?post=2347"}],"curies":[{"name":"wp","href":"https:\/\/api.w.org\/{rel}","templated":true}]}}

<p><img decoding="async" class="alignnone size-medium wp-image-2452" src="https://www.eglcc.eu/wp-content/uploads/2020/10/csm_Einladung_1_efc3e2fbc9-300x160.jpg" alt="" width="300" height="160" srcset="https://eglcc.eu/wp-content/uploads/2020/10/csm_Einladung_1_efc3e2fbc9-300x160.jpg 300w, https://eglcc.eu/wp-content/uploads/2020/10/csm_Einladung_1_efc3e2fbc9.jpg 573w" sizes="(max-width: 300px) 100vw, 300px" /></p>
<p>Erstmalig: DiverseCity als virtuelle Veranstaltung</p>
<p>Am 11. November 2020 findet zum ersten Mal die erfolgreiche Diversity Management Veranstaltung DiverseCity im hybriden Format statt. Von 14:00 bis 16:30 kann jede_r online kostenfrei teilnehmen.</p>
<p>Thema:<br />
Voneinander lernen &#8211; Lebens- und Arbeitswelten von LGBT+ im internationalen Kontext</p>
<p>Die Keynote hält <a href="https://www.linkedin.com/in/ACoAAAMTsUABkVrQGHaCHoaXTJSk3jSE_SdBGFs" data-attribute-index="0" data-entity-hovercard-id="urn:li:fs_miniProfile:ACoAAAMTsUABkVrQGHaCHoaXTJSk3jSE_SdBGFs" data-entity-type="MINI_PROFILE" target="_blank" rel="noopener">Pavel Subrt</a> (<a href="https://www.linkedin.com/company/eglcc/" target="_blank" rel="noopener noreferrer" data-attribute-index="2" data-entity-hovercard-id="urn:li:fs_miniCompany:40660841" data-entity-type="MINI_COMPANY">EGLCC &#8211; The European LGBTIQ Chamber of Commerce</a>). Panelgäste sind Jana Hansjürgen (Diversitybeauftragte der <a href="https://www.linkedin.com/company/landeshauptstadt-d%C3%BCsseldorf/" target="_blank" rel="noopener noreferrer" data-attribute-index="4" data-entity-hovercard-id="urn:li:fs_miniCompany:5413727" data-entity-type="MINI_COMPANY">Landeshauptstadt Düsseldorf</a>), Małgorzata Mróz (Aktivistin), <a href="https://www.linkedin.com/in/ACoAAAAYq3IB12uNAZyldjXrDi6bhabigL4ctxA" target="_blank" rel="noopener noreferrer" data-attribute-index="6" data-entity-hovercard-id="urn:li:fs_miniProfile:ACoAAAAYq3IB12uNAZyldjXrDi6bhabigL4ctxA" data-entity-type="MINI_PROFILE">Miguel A. Castro</a> (<a href="https://www.linkedin.com/company/sap/" target="_blank" rel="noopener noreferrer" data-attribute-index="8" data-entity-hovercard-id="urn:li:fs_miniCompany:1115" data-entity-type="MINI_COMPANY">SAP</a>), <a href="https://www.linkedin.com/in/ACoAAA5efZABEjR4fGq8DU6NYFMkduLMsu0e0CM" target="_blank" rel="noopener noreferrer" data-attribute-index="10" data-entity-hovercard-id="urn:li:fs_miniProfile:ACoAAA5efZABEjR4fGq8DU6NYFMkduLMsu0e0CM" data-entity-type="MINI_PROFILE">Kende Karskó</a> (<a href="https://www.linkedin.com/company/bosch-magyarorszag/" target="_blank" rel="noopener noreferrer" data-attribute-index="12" data-entity-hovercard-id="urn:li:fs_miniCompany:3354127" data-entity-type="MINI_COMPANY">Bosch Magyarország</a>) und Dr. Juliane Kronen (Right Livelihood Foundation).</p>
<p>Durch das Programm führt der Vorstandsvorsitzende des Völklinger Kreis, <a href="https://www.linkedin.com/in/ACoAABdhBpQBM2HafDpTq_fAM6R_AYo4LZFsT5o" target="_blank" rel="noopener noreferrer" data-attribute-index="14" data-entity-hovercard-id="urn:li:fs_miniProfile:ACoAABdhBpQBM2HafDpTq_fAM6R_AYo4LZFsT5o" data-entity-type="MINI_PROFILE">Matthias Weber</a>.</p>
<p>Die Veranstaltung wird durchgeführt vom Völklinger Kreis in Kooperation mit dem Gleichstellungsbüro Düsseldorf mit freundlicher Unterstützung durch Queeres Netzwerk NRW.</p>
<p>Sie wird gefördert vom Ministerium für Kinder, Familie, Flüchtlinge und Integration des Landes Nordrhein-Westfalen.</p>
<p>Mehr Infos nach dem Link:</p>
<p><a href="https://www.vk-online.de/module/neuigkeiten-allgemein/artikel/detail/erstmalig-diversity-management-kongress-diversecity-als-virtuelle-veranstaltung-224.html" target="_blank" rel="noopener noreferrer">https://www.vk-online.de/module/neuigkeiten-allgemein/artikel/detail/erstmalig-diversity-management-kongress-diversecity-als-virtuelle-veranstaltung-224.html</a></p>
